/i + (-4)/10. Suppose 15*w + 81 = s*w. What are the prime factors of w?
3
Let r(m) = -m**2 - 4*m + 5. Let p be r(-5). Suppose p = 6*w + w - 2709. List the prime factors of w.
3, 43
Suppose -26 = -2*r - 3*i + 17, 4*r + 5*i - 81 = 0. Suppose -112 = -h + r. Suppose -4*g = 2*g - h. What are the prime factors of g?
3, 7
Let g(s) = -s**3 - 13*s**2 - 6*s + 12. Let q(j) = -j**2 + j - 6. Let f be q(3). Let h be g(f). What are the prime factors of (h/(-14))/((-1)/(-7))?
2, 3, 5
Let w(a) = -12*a + 17 + 17*a + 2*a**2 - 12*a. What are the prime factors of w(5)?
2
Suppose 1712 + 1030 = 3*f. Suppose 5*t + f = 2*w + 8*t, -2*w + 3*t = -938. List the prime factors of w.
463
Suppose 3*j + 11*c - 10*c - 34 = 0, 3*j = -3*c + 42. Let i(u) = 3*u**2 - j - 3*u**2 + 0*u**2 + 7*u + u**3. List the prime factors of i(4).
2, 41
Let z(q) = 93*q**2 - 241*q - 1461. List the prime factors of z(-6).
3, 11, 101
What are the prime factors of (-48)/(-22) + 90/(-495) + (0 - -15177)?
43, 353
Suppose -5*f - 4*y + 43 + 81 = 0, 5*y + 91 = 4*f. Let o be (-9)/3 + f/3. Suppose o*d - 3*k - 469 = 0, -66 = -d - 2*k + 20. What are the prime factors of d?
2, 23
Suppose 8*c = 4*c + 36. Let g(f) = -f**3 + 10*f**2 + 2*f + 16. Let u be g(c). Let n = u - 80. What are the prime factors of n?
5, 7
Let i be (-126 - 26)*(-6)/4. Suppose -4*h - 3*f = -i, h + 178 = 4*h + 4*f. List the prime factors of 5604/h + (-4)/(-18).
2, 13
Let u be 30272/(-112) - (0 - 2/7). Let j = 248 - u. List the prime factors of j/5 - (-4)/10.
2, 13
Let t be 20/(-15)*66/(-8). Let o(p) = 1 - 11 + 3*p**2 - 25*p + p + 0*p. What are the prime factors of o(t)?
89
Suppose 0 = -7*u - 61 - 2. Let a(y) = -20*y - 146. List the prime factors of a(u).
2, 17
Suppose -2*b + 4 - 4 = 0. Let q(r) = r + b + 2 - 8*r. List the prime factors of q(-7).
3, 17
Suppose 4*g - 6*g + 4*p = -1266, -2*g - 2*p + 1284 = 0. Suppose 0 = 633*u - g*u + 2292. List the prime factors of u.
2, 191
Suppose 297736 = -6754*h + 6762*h. List the prime factors of h.
37217
Let n(b) = -b**3 + 12*b**2 - 13*b + 27. Let v be n(11). Suppose 235 = r - v*p, -2*p - 350 = -4*r + 608. List the prime factors of r.
2, 3, 5
Let d be (1*-12)/(30/(-15)). Suppose 35 = -d*u + u. List the prime factors of -4*7*u/7.
2, 7
Let c(d) be the first derivative of -3*d**2 + 9*d - 1. Let b be 8/10 + 104/(-5) + 6. What are the prime factors of c(b)?
3, 31
Let y be 7/(14/410)*-1. Let w = 49 - y. What are the prime factors of w?
2, 127
Suppose -5 = 2*g - 55. Let y(d) = 24*d + 108. List the prime factors of y(g).
2, 3, 59
Let m be ((-286)/(-39))/22 + 10/6. Let r(y) = 404*y - 3. What are the prime factors of r(m)?
5, 7, 23
Suppose 3*o = -v - 601, -3*v - 813 = 4*o - 4*v. Let x = 175 - o. What are the prime factors of x?
13, 29
Let a be 107/(-2)*(-26)/13*-32. What are the prime factors of 10/(-50)*(-10)/(-4)*a?
2, 107
Suppose -5*h = 25*h - 90. Suppose -857 = -h*g + 1807. List the prime factors of g.
2, 3, 37
Let v(c) = 6*c**2 - c + 4. Suppose -8*x = -10*x + 80. Let d = -35 + x. List the prime factors of v(d).
149
Let p(q) = -q**3 - 5*q**2 + 3*q + 8. Let i be p(-5). List the prime factors of (-2131)/i - (-172)/301.
5, 61
Let a(c) = -5*c + 50. Let t be a(3). Suppose -30*v + t*v - 8715 = 0. List the prime factors of v.
3, 7, 83
Suppose 3*t + 1 + 8 = 0. Let f be 3501/36 - t/4. Let g = f + -16. What are the prime factors of g?
2, 41
Suppose -8*l + 151760 = 12*l. What are the prime factors of l?
2, 7, 271
Suppose 2*q + 3*h + 57 = q, -4*q + 3*h = 153. Let w be ((-3)/2)/(q/56). Suppose -w*y + 21 = -27. List the prime factors of y.
2, 3
Let f(j) = -42 - 35*j - 5*j**2 + 65 + 33. Let u(m) = -2*m**2 - 12*m + 19. Let k(l) = 6*f(l) - 17*u(l). What are the prime factors of k(6)?
11
Suppose 2*g - 19045 = -5*q + 78657, g + 58630 = 3*q. List the prime factors of q.
2, 3, 3257
Let u = -10303 + 30756. What are the prime factors of u?
113, 181
Let h be 5/((130/4)/(-13)). Let w(t) = -27*t**3 + 7*t**2 + 10*t + 3. What are the prime factors of w(h)?
227
Suppose -5*x = -2*j - 36, 3 = -2*x + 4*j + 11. Let t be ((-2)/(-4))/(x/(-64)). Let a(g) = 6*g**2 + 6*g - 2. What are the prime factors of a(t)?
2, 5, 7
Let c(r) = 31*r**2 - 8*r + 7. Let j be c(7). Suppose j = 7*f - 2*f. List the prime factors of f.
2, 3, 7
Let m = 15656 - 3025. List the prime factors of m.
17, 743
Let j(k) = 2*k**2 + k - 5. Let g be 2/(-10) + (-681)/(-5). Let a be 132/(-34) + (-16)/g. What are the prime factors of j(a)?
23
Suppose 2*a - 16 = 6*a, -n = 4*a + 12. Suppose -208 = n*f + 4*z, -2*f + 5*z = 2 + 95. Let k = f - -73. List the prime factors of k.
2, 11
Let c(i) = 37*i**3 - 3*i**2 - 2*i - 2. Let a be c(-2). Let n = 504 + a. List the prime factors of n.
2, 3, 11
Let w be (70/6)/7*3. Suppose -153 = w*u + b - 25, -5*b - 140 = 5*u. Let r = 61 + u. What are the prime factors of r?
2, 3
Suppose u - 4*z = -13, -3*u - 5 = -3*z - 2. List the prime factors of 29 - 1*((-2 - 2) + u).
2, 3, 5
Suppose 4*q - 3087 = -a + 1507, 5*q = -a + 4589. List the prime factors of a.
2, 3, 769
Let w = -41 + 45. Suppose -w*h = -4*n - 372, -4*h + 2*n = 3*n - 387. List the prime factors of h.
2, 3
Suppose 3*l - 5*t = 6 - 123, -3*t + 117 = -3*l. Let a = -54 - l. Let p = 25 + a. What are the prime factors of p?
2, 5
Let d = -114 + 381. Suppose -6*c + d = -1305. List the prime factors of c.
2, 131
Suppose 10 = 5*w, 8*q - 4*w - 2908 = 4*q. Suppose -453 - 290 = -3*j - 4*u, 3*j - 3*u - q = 0. List the prime factors of j.
5, 7
List the prime factors of ((-3486)/6)/(38/(-57)*6/4).
7, 83
Let y = -172 - -738. Suppose d + 2*x = y + 28, x = 5*d - 2981. What are the prime factors of d?
2, 149
Let f(x) be the second derivative of 1/12*x**4 + 5/2*x**2 - 1/2*x**3 - 5*x + 0. List the prime factors of f(10).
3, 5
Suppose s - 20 = -3*q, 2*s - 2*q - 30 - 26 = 0. Let c(u) = 34*u + 16 + 27 - s + 2*u**2. What are the prime factors of c(-18)?
53
Let g(q) = q**2 - q + 89. Let t(m) = -m**2 - 26*m - 166. Let x be t(-8). What are the prime factors of g(x)?
5, 7, 17
Let d(w) = -159*w - 7. Let p be d(-3). Suppose 0 = -9*n + 57 - 3. Suppose f = n*f - p. List the prime factors of f.
2, 47
List the prime factors of (-1 - (-1 + 1)) + (-8680)/(-24)*9.
2, 1627
Let n = 195 - -325. Suppose 3*g - 93 + 1 = -q, -5*q = -5*g - n. Suppose -u + q = 2. List the prime factors of u.
3, 11
Suppose 5*o - 327 - 743 = 0. Let l = 266 - o. List the prime factors of l.
2, 13
Let h(g) = -182 + 446 + 8 + 6*g + 133. List the prime factors of h(6).
3, 7
Suppose 3*k = -4*w + 37346, 2*w = -43*k + 46*k - 37334. List the prime factors of k.
2, 7, 127
Let o(r) = 4*r**2 + 14*r + 403. List the prime factors of o(-13).
3, 13, 23
Suppose -5*s + 193984 = 51*g - 53*g, 3*g = s - 38802. List the prime factors of s.
2, 3, 53, 61
Suppose -2*v - h + 22228 = 0, 64007 - 19523 = 4*v - 5*h. What are the prime factors of v?
2, 7, 397
Suppose 17*o + 57 = -11. What are the prime factors of o/(-14) + (-14484)/63*-3?
2, 3, 5, 23
Suppose 12 = -4*z, -30 = 2*c + 5*z - 25. Suppose -4*u + 4619 = 4*n - 305, -2*n + c*u = -2448. What are the prime factors of n?
1229
Let q(y) = y**2 + 36*y - 8. Let c be q(-36). List the prime factors of -172*1*52/c.
2, 13, 43
Let o be (-1341)/12 + 6/(-24). Let a = o - -188. List the prime factors of a.
2, 19
Let a = -43 - -41. Let t be 2/(1/(-10*a/(-8))). Let s = 1 - t. List the prime factors of s.
2, 3
Let q = -3063 + 5307. List the prime factors of q.
2, 3, 11, 17
Suppose 0 = -120*i + 68*i + 1954680. What are the prime factors of i?
2, 3, 5, 7, 179
Let t(l) = -10*l**3 + 359*l**2 + 49*l - 291. List the prime factors of t(30).
3, 37, 163
Suppose -792 = -11*t - t. Let u = 93 - t. Suppose u*p = 21*p + 654. List the prime factors of p.
109
Let x = 90 + 462. Suppose -18*g - x = -22*g. List the prime factors of g.
2, 3, 23
Suppose q = -4*l - 0*q + 12, -2*q - 9 = -3*l. Suppose -6*a + a + 5*r + 1360 = 0, 0 = 4*a - l*r - 1086. Suppose a + 185 = 5*i. List the prime factors of i.
7, 13
Let p = 345 + -338. What are the prime factors of (-43098)/(-154) - (-1)/p?
2, 5, 7
Let o(z) = -11*z**2 + 10*z - 24. Let j be o(5). Let l = -112 - j. Let n = 48 + l. What are the prime factors of n?
5, 37
Let t(z) = -4*z + 20. Let w be t(5). Suppose -11*d + 6*d + 15 = w. Suppose -d*o = 37 - 232. What are the prime factors of o?
5, 13
What are the prime factors of 230322/6 + 